{"id":2,"date":"2016-05-10T03:48:21","date_gmt":"2016-05-10T03:48:21","guid":{"rendered":"http:\/\/christoph-kunt.de\/?page_id=2"},"modified":"2021-05-22T13:50:14","modified_gmt":"2021-05-22T13:50:14","slug":"sample-page","status":"publish","type":"page","link":"https:\/\/christoph-kunt.de\/?page_id=2","title":{"rendered":"\u00dcber mich"},"content":{"rendered":"\n<div class=\"wp-block-columns is-layout-flex wp-container-core-columns-is-layout-9d6595d7 wp-block-columns-is-layout-flex\">\n<div class=\"wp-block-column is-layout-flow wp-block-column-is-layout-flow\">\n<h2 class=\"wp-block-heading\">Wer bin ich?<\/h2>\n\n\n\n<ul class=\"wp-block-list\"><li>Christoph, Baujahr 1986<\/li><\/ul>\n\n\n\n<ul class=\"wp-block-list\"><li>freiheitsliebender, st\u00e4ndig gr\u00fcbelnder, leidenschaftlicher Papa<\/li><\/ul>\n\n\n\n<ul class=\"wp-block-list\"><li>Liebt es, neue Ideen zu entwickeln und hasst unn\u00f6tige komplexit\u00e4t<\/li><\/ul>\n<\/div>\n\n\n\n<div class=\"wp-block-column is-layout-flow wp-block-column-is-layout-flow\">\n<figure class=\"wp-block-image size-large is-style-default\"><img loading=\"lazy\" decoding=\"async\" width=\"700\" height=\"515\" src=\"http:\/\/christoph-kunt.de\/wp-content\/uploads\/2020\/01\/Christoph-Kunt-leben-verbessern-motivieren_cut-700x515.jpg\" alt=\"\" class=\"wp-image-25\" srcset=\"https:\/\/christoph-kunt.de\/wp-content\/uploads\/2020\/01\/Christoph-Kunt-leben-verbessern-motivieren_cut-700x515.jpg 700w, https:\/\/christoph-kunt.de\/wp-content\/uploads\/2020\/01\/Christoph-Kunt-leben-verbessern-motivieren_cut-300x221.jpg 300w, https:\/\/christoph-kunt.de\/wp-content\/uploads\/2020\/01\/Christoph-Kunt-leben-verbessern-motivieren_cut-768x565.jpg 768w, https:\/\/christoph-kunt.de\/wp-content\/uploads\/2020\/01\/Christoph-Kunt-leben-verbessern-motivieren_cut-800x588.jpg 800w, https:\/\/christoph-kunt.de\/wp-content\/uploads\/2020\/01\/Christoph-Kunt-leben-verbessern-motivieren_cut-80x60.jpg 80w, https:\/\/christoph-kunt.de\/wp-content\/uploads\/2020\/01\/Christoph-Kunt-leben-verbessern-motivieren_cut.jpg 1020w\" sizes=\"auto, (max-width: 700px) 100vw, 700px\" \/><\/figure>\n<\/div>\n<\/div>\n\n\n\n\n\n<p><\/p>\n","protected":false},"excerpt":{"rendered":"<p>Wer bin ich? Christoph, Baujahr 1986 freiheitsliebender, st\u00e4ndig gr\u00fcbelnder, leidenschaftlicher Papa Liebt es, neue Ideen zu entwickeln und hasst unn\u00f6tige komplexit\u00e4t<\/p>\n","protected":false},"author":1,"featured_media":0,"parent":0,"menu_order":0,"comment_status":"closed","ping_status":"open","template":"","meta":{"footnotes":""},"class_list":["post-2","page","type-page","status-publish","hentry"],"_links":{"self":[{"href":"https:\/\/christoph-kunt.de\/index.php?rest_route=\/wp\/v2\/pages\/2","targetHints":{"allow":["GET"]}}],"collection":[{"href":"https:\/\/christoph-kunt.de\/index.php?rest_route=\/wp\/v2\/pages"}],"about":[{"href":"https:\/\/christoph-kunt.de\/index.php?rest_route=\/wp\/v2\/types\/page"}],"author":[{"embeddable":true,"href":"https:\/\/christoph-kunt.de\/index.php?rest_route=\/wp\/v2\/users\/1"}],"replies":[{"embeddable":true,"href":"https:\/\/christoph-kunt.de\/index.php?rest_route=%2Fwp%2Fv2%2Fcomments&post=2"}],"version-history":[{"count":3,"href":"https:\/\/christoph-kunt.de\/index.php?rest_route=\/wp\/v2\/pages\/2\/revisions"}],"predecessor-version":[{"id":35,"href":"https:\/\/christoph-kunt.de\/index.php?rest_route=\/wp\/v2\/pages\/2\/revisions\/35"}],"wp:attachment":[{"href":"https:\/\/christoph-kunt.de\/index.php?rest_route=%2Fwp%2Fv2%2Fmedia&parent=2"}],"curies":[{"name":"wp","href":"https:\/\/api.w.org\/{rel}","templated":true}]}}